{"id":25,"date":"2025-01-21T13:24:43","date_gmt":"2025-01-21T13:24:43","guid":{"rendered":"https:\/\/help.censorum.dk\/?p=25"},"modified":"2025-01-21T13:24:44","modified_gmt":"2025-01-21T13:24:44","slug":"beretningsopsaetning-af-censorkorps","status":"publish","type":"page","link":"https:\/\/help.censorum.dk\/?page_id=25","title":{"rendered":"Beretningsops\u00e6tning af censorkorps"},"content":{"rendered":"\n<h2 class=\"wp-block-heading has-large-font-size\">Eksaminator<\/h2>\n\n\n\n<p class=\"has-medium-font-size\">For at oprette en ny beretningsops\u00e6tning til eksaminator skal du f\u00f8rst navigere til det relevante censorkorps og v\u00e6lge fanebladet <strong>&#8220;Beretningsops\u00e6tning&#8221;<\/strong>. I dropdown-menuen v\u00e6lger du, om ops\u00e6tningen skal v\u00e6re til eksaminator eller censor. S\u00f8rg for at v\u00e6lge <strong>&#8220;Eksaminatorberetning&#8221; <\/strong>i dropdown menuen.<\/p>\n\n\n\n<p class=\"has-medium-font-size\">Ops\u00e6tningen starter med at oprette et trin eller en overskrift, som fungerer som en struktur for de sp\u00f8rgsm\u00e5l, der skal tilf\u00f8jes. For at lave en ny overskrift skal du bruge multiknappen ved siden af <strong>&#8220;Nyt sp\u00f8rgsm\u00e5l&#8221;<\/strong> og v\u00e6lge <strong>&#8220;Ny overskrift&#8221;<\/strong>. N\u00e5r du opretter en overskrift, skal du udfylde dens navn p\u00e5 b\u00e5de dansk og engelsk samt give en beskrivelse i feltet <strong>&#8220;Starttekst&#8221;<\/strong>, der forklarer, hvad dette trin omhandler. Det er ogs\u00e5 muligt at aktivere &#8220;Gentag per medbed\u00f8mmer&#8221;, hvor overskriften og de tilh\u00f8rende sp\u00f8rgsm\u00e5l gentages for hver medbed\u00f8mmer. Denne funktion er prim\u00e6rt designet til brug af censorer.<\/p>\n\n\n\n<p class=\"has-medium-font-size\">N\u00e5r overskriften er p\u00e5 plads, kan du begynde at tilf\u00f8je sp\u00f8rgsm\u00e5l til trinnet. Klik p\u00e5 <strong>&#8220;Nyt sp\u00f8rgsm\u00e5l&#8221;<\/strong>, og v\u00e6lg det trin eller den overskrift, som sp\u00f8rgsm\u00e5let skal placeres under. Giv sp\u00f8rgsm\u00e5let et navn p\u00e5 b\u00e5de dansk og engelsk. Herefter v\u00e6lger du, om sp\u00f8rgsm\u00e5let skal v\u00e6re obligatorisk at besvare, eller om det kan v\u00e6re frivilligt.<\/p>\n\n\n\n<p class=\"has-medium-font-size\">Derefter v\u00e6lger du svarformatet i dropdown-menuen <strong>&#8220;Svar type&#8221;<\/strong>. N\u00e5r du opretter sp\u00f8rgsm\u00e5l, kan du v\u00e6lge mellem forskellige svarformater, som bestemmer, hvordan eksaminator skal besvare sp\u00f8rgsm\u00e5let:<\/p>\n\n\n\n<ul class=\"wp-block-list has-medium-font-size\">\n<li><strong>Korttekst<\/strong>: Eksaminator kan skrive i et lille tekstfelt. Det er muligt at angive en maksimal l\u00e6ngde for teksten.<\/li>\n\n\n\n<li><strong>Langtekst<\/strong>: Eksaminator kan skrive i et st\u00f8rre tekstfelt, og ogs\u00e5 her kan der s\u00e6ttes en maksimuml\u00e6ngde for teksten.<\/li>\n\n\n\n<li><strong>Flere valg<\/strong>: Du kan definere dine egne valgmuligheder, hvor eksaminator har mulighed for at v\u00e6lge flere af dem p\u00e5 \u00e9n gang.<\/li>\n\n\n\n<li><strong>Skala (Meget utilfredsstillende -> Meget tilfredsstillende)<\/strong>: Systemet genererer automatisk fem valgmuligheder: <em>Meget utilfreds, Utilfreds, Neutral, Tilfreds, Meget tilfreds<\/em>. eksaminator kan kun v\u00e6lge \u00e9n mulighed. Du har ogs\u00e5 mulighed for at tilf\u00f8je flere valgmuligheder, hvis det er n\u00f8dvendigt.<\/li>\n\n\n\n<li><strong>Skala (Slet ikke -> I meget h\u00f8j grad)<\/strong>: Systemet opretter automatisk fem valgmuligheder: <em>Meget uenig, Uenig, Neutral, Enig, Meget enig<\/em>. Ogs\u00e5 her kan eksaminator kun v\u00e6lge \u00e9n mulighed, og du kan tilf\u00f8je flere valgmuligheder efter behov.<\/li>\n\n\n\n<li><strong>\u00c9t valg<\/strong>: Du kan selv angive valgmulighederne, hvor eksaminator kun kan v\u00e6lge \u00e9n af dem.<\/li>\n\n\n\n<li><strong>Ja\/nej<\/strong>: Systemet opretter automatisk to valgmuligheder: <em>Ja<\/em> og <em>Nej<\/em>, hvor eksaminator kun kan v\u00e6lge \u00e9n af dem.<\/li>\n\n\n\n<li><strong>Dato<\/strong>: Eksaminator kan v\u00e6lge en dato fra en kalender.<\/li>\n\n\n\n<li><strong>Filer<\/strong>: Eksaminator kan uploade en fil som svar.<\/li>\n<\/ul>\n\n\n\n<p class=\"has-medium-font-size\">Hvis sp\u00f8rgsm\u00e5let kr\u00e6ver yderligere forklaringer, kan du tilf\u00f8je ekstra information, som vil hj\u00e6lpe med at besvare sp\u00f8rgsm\u00e5let korrekt. N\u00e5r alle oplysninger er udfyldt, klikker du p\u00e5 <strong>&#8220;Opret&#8221;<\/strong> for at tilf\u00f8je sp\u00f8rgsm\u00e5let under det valgte trin.<\/p>\n\n\n\n<h2 class=\"wp-block-heading has-large-font-size\">Censor<\/h2>\n\n\n\n<p class=\"has-medium-font-size\">For at oprette en ny beretningsops\u00e6tning til eksaminator skal du f\u00f8rst navigere til det relevante censorkorps og v\u00e6lge fanebladet <strong>&#8220;Beretningsops\u00e6tning&#8221;<\/strong>. I dropdown-menuen v\u00e6lger du, om ops\u00e6tningen skal v\u00e6re til eksaminator eller censor. S\u00f8rg for at v\u00e6lge <strong>&#8220;Censorberetning&#8221; <\/strong>i dropdown menuen.<\/p>\n\n\n\n<p class=\"has-medium-font-size\">Ops\u00e6tningen starter med at oprette et trin eller en overskrift, som fungerer som en struktur for de sp\u00f8rgsm\u00e5l, der skal tilf\u00f8jes. For at lave en ny overskrift skal du bruge multiknappen ved siden af <strong>&#8220;Nyt sp\u00f8rgsm\u00e5l&#8221;<\/strong> og v\u00e6lge <strong>&#8220;Ny overskrift&#8221;<\/strong>. N\u00e5r du opretter en overskrift, skal du udfylde dens navn p\u00e5 b\u00e5de dansk og engelsk samt give en beskrivelse i feltet <strong>&#8220;Starttekst&#8221;<\/strong>, der forklarer, hvad dette trin omhandler. Her er der ogs\u00e5 muligt at trykker p\u00e5 \u201dgentag per medbed\u00f8mmer\u201d. Hvis denne funktion er aktiveret, vil overskriften samt de tilh\u00f8rende sp\u00f8rgsm\u00e5l blive gentaget for hver medbed\u00f8mmer. Denne funktion er s\u00e6rligt nyttig til sp\u00f8rgsm\u00e5l som &#8220;Var medbed\u00f8mmer velforberedt?&#8221; i eksamener, hvor der er flere medbed\u00f8mmere. P\u00e5 den m\u00e5de undg\u00e5r man at skulle gentage sp\u00f8rgsm\u00e5let manuelt for hver enkelt medbed\u00f8mmer.<\/p>\n\n\n\n<p class=\"has-medium-font-size\">N\u00e5r overskriften er p\u00e5 plads, kan du begynde at tilf\u00f8je sp\u00f8rgsm\u00e5l til trinnet. Klik p\u00e5 <strong>&#8220;Nyt sp\u00f8rgsm\u00e5l&#8221;<\/strong>, og v\u00e6lg det trin eller den overskrift, som sp\u00f8rgsm\u00e5let skal placeres under. Giv sp\u00f8rgsm\u00e5let et navn p\u00e5 b\u00e5de dansk og engelsk. Herefter v\u00e6lger du, om sp\u00f8rgsm\u00e5let skal v\u00e6re obligatorisk at besvare, eller om det kan v\u00e6re frivilligt.<\/p>\n\n\n\n<p class=\"has-medium-font-size\">Derefter v\u00e6lger du svarformatet i dropdown-menuen <strong>&#8220;Svar type&#8221;<\/strong>. N\u00e5r du opretter sp\u00f8rgsm\u00e5l, kan du v\u00e6lge mellem forskellige svarformater, som bestemmer, hvordan censor skal besvare sp\u00f8rgsm\u00e5let:<\/p>\n\n\n\n<ul class=\"wp-block-list\">\n<li class=\"has-medium-font-size\"><strong>Korttekst<\/strong>: Censor kan skrive i et lille tekstfelt. Det er muligt at angive en maksimal l\u00e6ngde for teksten.<\/li>\n\n\n\n<li class=\"has-medium-font-size\"><strong>Langtekst<\/strong>: Censor kan skrive i et st\u00f8rre tekstfelt, og ogs\u00e5 her kan der s\u00e6ttes en maksimuml\u00e6ngde for teksten.<\/li>\n\n\n\n<li class=\"has-medium-font-size\"><strong>Flere valg<\/strong>: Du kan definere dine egne valgmuligheder, hvor censor har mulighed for at v\u00e6lge flere af dem p\u00e5 \u00e9n gang.<\/li>\n\n\n\n<li class=\"has-medium-font-size\"><strong>Skala (Meget utilfredsstillende -> Meget tilfredsstillende)<\/strong>: Systemet genererer automatisk fem valgmuligheder: <em>Meget utilfreds, Utilfreds, Neutral, Tilfreds, Meget tilfreds<\/em>. Censor kan kun v\u00e6lge \u00e9n mulighed. Du har ogs\u00e5 mulighed for at tilf\u00f8je flere valgmuligheder, hvis det er n\u00f8dvendigt.<\/li>\n\n\n\n<li class=\"has-medium-font-size\"><strong>Skala (Slet ikke -> I meget h\u00f8j grad)<\/strong>: Systemet opretter automatisk fem valgmuligheder: <em>Meget uenig, Uenig, Neutral, Enig, Meget enig<\/em>. Ogs\u00e5 her kan censor kun v\u00e6lge \u00e9n mulighed, og du kan tilf\u00f8je flere valgmuligheder efter behov.<\/li>\n\n\n\n<li class=\"has-medium-font-size\"><strong>\u00c9t valg<\/strong>: Du kan selv angive valgmulighederne, hvor censor kun kan v\u00e6lge \u00e9n af dem.<\/li>\n\n\n\n<li class=\"has-medium-font-size\"><strong>Ja\/nej<\/strong>: Systemet opretter automatisk to valgmuligheder: <em>Ja<\/em> og <em>Nej<\/em>, hvor censor kun kan v\u00e6lge \u00e9n af dem.<\/li>\n\n\n\n<li class=\"has-medium-font-size\"><strong>Dato<\/strong>: Censor kan v\u00e6lge en dato fra en kalender.<\/li>\n\n\n\n<li class=\"has-medium-font-size\"><strong>Filer<\/strong>: Censor kan uploade en fil som svar.<\/li>\n<\/ul>\n\n\n\n<p class=\"has-medium-font-size\">Hvis sp\u00f8rgsm\u00e5let kr\u00e6ver yderligere forklaringer, kan du tilf\u00f8je ekstra information, som vil hj\u00e6lpe med at besvare sp\u00f8rgsm\u00e5let korrekt. N\u00e5r alle oplysninger er udfyldt, klikker du p\u00e5 <strong>&#8220;Opret&#8221;<\/strong> for at tilf\u00f8je sp\u00f8rgsm\u00e5let under det valgte trin.<\/p>\n\n\n\n<p><\/p>\n","protected":false},"excerpt":{"rendered":"<p>Eksaminator For at oprette en ny beretningsops\u00e6tning til eksaminator skal du f\u00f8rst navigere til det relevante censorkorps og v\u00e6lge fanebladet &#8220;Beretningsops\u00e6tning&#8221;. I dropdown-menuen v\u00e6lger du, om ops\u00e6tningen skal v\u00e6re til eksaminator eller censor. S\u00f8rg for at v\u00e6lge &#8220;Eksaminatorberetning&#8221; i dropdown menuen. Ops\u00e6tningen starter med at oprette et trin eller en overskrift, som fungerer som en &#8230; <a title=\"Beretningsops\u00e6tning af censorkorps\" class=\"read-more\" href=\"https:\/\/help.censorum.dk\/?page_id=25\" aria-label=\"Read more about Beretningsops\u00e6tning af censorkorps\">Read more<\/a><\/p>\n","protected":false},"author":3,"featured_media":0,"parent":0,"menu_order":0,"comment_status":"open","ping_status":"open","template":"","meta":{"footnotes":""},"class_list":["post-25","page","type-page","status-publish"],"_links":{"self":[{"href":"https:\/\/help.censorum.dk\/index.php?rest_route=\/wp\/v2\/pages\/25","targetHints":{"allow":["GET"]}}],"collection":[{"href":"https:\/\/help.censorum.dk\/index.php?rest_route=\/wp\/v2\/pages"}],"about":[{"href":"https:\/\/help.censorum.dk\/index.php?rest_route=\/wp\/v2\/types\/page"}],"author":[{"embeddable":true,"href":"https:\/\/help.censorum.dk\/index.php?rest_route=\/wp\/v2\/users\/3"}],"replies":[{"embeddable":true,"href":"https:\/\/help.censorum.dk\/index.php?rest_route=%2Fwp%2Fv2%2Fcomments&post=25"}],"version-history":[{"count":1,"href":"https:\/\/help.censorum.dk\/index.php?rest_route=\/wp\/v2\/pages\/25\/revisions"}],"predecessor-version":[{"id":26,"href":"https:\/\/help.censorum.dk\/index.php?rest_route=\/wp\/v2\/pages\/25\/revisions\/26"}],"wp:attachment":[{"href":"https:\/\/help.censorum.dk\/index.php?rest_route=%2Fwp%2Fv2%2Fmedia&parent=25"}],"curies":[{"name":"wp","href":"https:\/\/api.w.org\/{rel}","templated":true}]}}