{"id":19,"date":"2025-01-21T13:26:04","date_gmt":"2025-01-21T13:26:04","guid":{"rendered":"https:\/\/help.censorum.dk\/?p=19"},"modified":"2025-01-21T13:26:04","modified_gmt":"2025-01-21T13:26:04","slug":"censorkorps-fagomrader","status":"publish","type":"page","link":"https:\/\/help.censorum.dk\/?page_id=19","title":{"rendered":"Censorkorps, fagomr\u00e5der"},"content":{"rendered":"\n<h2 class=\"wp-block-heading has-large-font-size\">Fagomr\u00e5der<\/h2>\n\n\n\n<p class=\"has-medium-font-size\">For at oprette et fagomr\u00e5de skal censorkorpset allerede have oprettet \u00e9t eller flere uddannelsesniveauer. N\u00e5r du er klar til at starte processen, skal du navigere til det relevante censorkorps og finde fanebladet &#8220;Fagomr\u00e5der&#8221;. Her kan du klikke p\u00e5 knappen &#8220;Nyt fagomr\u00e5de&#8221; for at p\u00e5begynde oprettelsen. Du skal angive uddannelsesniveauet, som fagomr\u00e5det tilh\u00f8rer, s\u00e5som bachelor eller kandidat, samt indtaste et navn for det nye fagomr\u00e5det. Det er ogs\u00e5 muligt at tilf\u00f8je et udbud, hvis fagomr\u00e5det er knyttet til et specifikt udbud, men dette er valgfrit.<\/p>\n\n\n\n<p class=\"has-medium-font-size\">N\u00e5r oplysningerne er udfyldt, kan du v\u00e6lge mellem tre handlinger. Du kan oprette fagomr\u00e5det uden yderligere trin, oprette det og samtidig sende invitationer til censorer fra et eksisterende fagomr\u00e5de, eller oprette det og godkende censorer, der allerede er tilknyttet et andet fagomr\u00e5de. Hvis du v\u00e6lger at sende invitationer eller godkende eksisterende censorer, vil du blive ledt videre til en menu, hvor du skal v\u00e6lge det fagomr\u00e5de, der skal kopieres fra.<\/p>\n\n\n\n<h2 class=\"wp-block-heading has-large-font-size\">Uddannelsesniveau<\/h2>\n\n\n\n<p class=\"has-medium-font-size\">G\u00e5 til fanebladet \u201dFagomr\u00e5der\u201d, hvor du finder multiknappen \u201dNyt fagomr\u00e5de\u201d. Denne knap giver adgang til flere muligheder, herunder \u201dNyt uddannelsesniveau\u201d.<\/p>\n\n\n\n<p class=\"has-medium-font-size\">Ved at v\u00e6lge \u201dNyt uddannelsesniveau\u201d vil du blive pr\u00e6senteret for en dropdown-menu, hvor du kan v\u00e6lge det uddannelsesniveau, du \u00f8nsker at tilf\u00f8je. Det er vigtigt at bem\u00e6rke, at du kun kan oprette uddannelsesniveauer, som allerede er tillagt censorkorpset. N\u00e5r uddannelsesniveauet er valgt, oprettes det, s\u00e5 det kan benyttes i forbindelse med oprettelsen af fagomr\u00e5der.<\/p>\n","protected":false},"excerpt":{"rendered":"<p>Fagomr\u00e5der For at oprette et fagomr\u00e5de skal censorkorpset allerede have oprettet \u00e9t eller flere uddannelsesniveauer. N\u00e5r du er klar til at starte processen, skal du navigere til det relevante censorkorps og finde fanebladet &#8220;Fagomr\u00e5der&#8221;. Her kan du klikke p\u00e5 knappen &#8220;Nyt fagomr\u00e5de&#8221; for at p\u00e5begynde oprettelsen. Du skal angive uddannelsesniveauet, som fagomr\u00e5det tilh\u00f8rer, s\u00e5som bachelor &#8230; <a title=\"Censorkorps, fagomr\u00e5der\" class=\"read-more\" href=\"https:\/\/help.censorum.dk\/?page_id=19\" aria-label=\"Read more about Censorkorps, fagomr\u00e5der\">Read more<\/a><\/p>\n","protected":false},"author":3,"featured_media":0,"parent":0,"menu_order":0,"comment_status":"open","ping_status":"open","template":"","meta":{"footnotes":""},"class_list":["post-19","page","type-page","status-publish"],"_links":{"self":[{"href":"https:\/\/help.censorum.dk\/index.php?rest_route=\/wp\/v2\/pages\/19","targetHints":{"allow":["GET"]}}],"collection":[{"href":"https:\/\/help.censorum.dk\/index.php?rest_route=\/wp\/v2\/pages"}],"about":[{"href":"https:\/\/help.censorum.dk\/index.php?rest_route=\/wp\/v2\/types\/page"}],"author":[{"embeddable":true,"href":"https:\/\/help.censorum.dk\/index.php?rest_route=\/wp\/v2\/users\/3"}],"replies":[{"embeddable":true,"href":"https:\/\/help.censorum.dk\/index.php?rest_route=%2Fwp%2Fv2%2Fcomments&post=19"}],"version-history":[{"count":1,"href":"https:\/\/help.censorum.dk\/index.php?rest_route=\/wp\/v2\/pages\/19\/revisions"}],"predecessor-version":[{"id":20,"href":"https:\/\/help.censorum.dk\/index.php?rest_route=\/wp\/v2\/pages\/19\/revisions\/20"}],"wp:attachment":[{"href":"https:\/\/help.censorum.dk\/index.php?rest_route=%2Fwp%2Fv2%2Fmedia&parent=19"}],"curies":[{"name":"wp","href":"https:\/\/api.w.org\/{rel}","templated":true}]}}